 -c + 8. What is the highest common factor of m and c?
27
Suppose -5*c + 2*c + 86 = y, -5*y = -2*c + 29. Suppose 2*r - 32 = -2*q, -c*q - 10 = -22*q. What is the greatest common factor of 162 and r?
18
Let s be (8/(-1))/((-4)/22). Suppose 19*d = 572 - 154. What is the highest common factor of d and s?
22
Let b be (1 + (-19)/3)*-6. Let i = -44523 + 44531. What is the greatest common divisor of i and b?
8
Let i be (1 + 477/(-3))*1848/(-112). Calculate the highest common factor of 948 and i.
237
Let q = -47 - -49. Let b(f) = 2 + 1 - 3 - q - 18*f. Let h be b(-1). Calculate the highest common divisor of 16 and h.
16
Let d(j) = 3*j - 4*j - 10 + 0*j. Let f be d(-20). Let a be (-968)/(-12) - 4/6. Calculate the greatest common divisor of a and f.
10
Let q = -4415 + 4909. Calculate the greatest common factor of q and 608.
38
Suppose -9*x - x = 660. Let b be (x/8)/(36/(-96)). Let o be 300/9 + (-2)/6. What is the greatest common divisor of b and o?
11
Let w be -866*(-88)/(-16)*(-4 + 3). Suppose 0 = 25*s - w + 1163. Calculate the highest common factor of 128 and s.
16
Let a(j) = -3*j**3 - 32*j**2 + 62*j + 40. Let k be a(-13). What is the highest common factor of k and 3?
3
Let p = -322 + 359. Suppose -p = -43*a + 49. What is the greatest common factor of a and 17?
1
Suppose 0 = -u + 3*f - 0*f + 293, 4*u - 1082 = -3*f. Calculate the greatest common divisor of u and 440.
55
Let f be 770/8 - 1/(16/(-28)). What is the greatest common factor of 700 and f?
14
Let k be 14/21*-5*3/(-1). Let h be 66/8 - (-1)/(-4). Suppose h*f = -3*f + 385. What is the greatest common divisor of k and f?
5
Let c be (2 + 2)*117/36. Let k(h) = c - h - 1 + 8. Let v be k(-15). Calculate the highest common factor of 245 and v.
35
Suppose -1613 + 1679 = 2*d. What is the greatest common factor of 93 and d?
3
Let q = -1453 - -2614. Let m = -1673 - -2447. Let r = q - m. What is the highest common factor of 43 and r?
43
Suppose 0 = -2*a + b + 188, -43*b + 39*b - 380 = -4*a. Suppose 97*d - a*d = 432. What is the greatest common factor of 8 and d?
4
Let b be (-136)/(-85) - (-1 + 8/5). Suppose 10*h - b - 39 = 0. Suppose 267 = 14*d + 43. What is the highest common factor of h and d?
4
Let x(w) = 16*w - 162. Let o be x(10). Let h be o/(-2) + (-424)/(-8). What is the greatest common divisor of h and 9?
9
Let n = 121 + -121. Suppose -22*p + 687 + 1557 = n. What is the highest common factor of p and 459?
51
Suppose -r - 3 = -0*j + 2*j, 3*r + 6 = -3*j. Let d be j/(-2) - 752/(-32). What is the greatest common factor of 40 and d?
8
Suppose 0 = 2*g + 5*m - 265, -595 = 98*g - 103*g + m. What is the greatest common factor of g and 60?
60
Suppose 12*b = 123 + 777. Suppose -75 = -5*h + 2*m - 0, -5*m = 5*h - b. Suppose h*c + 390 = 21*c. Calculate the highest common factor of 26 and c.
13
Let g = -1327 - -1345. Let k = -610 - -1024. Calculate the greatest common divisor of g and k.
18
Let u(a) = -13*a - 8. Let r be u(-1). Suppose -873 - 7 = -r*z. Suppose 4*b - 176 = -4*b. Calculate the greatest common divisor of z and b.
22
Let y(j) = j**3 - j**2 - 4*j + 1. Let l be y(4). Suppose 301*s + 78*s - 21450 = 28578. What is the highest common divisor of s and l?
33
Let n = 10165 - 4605. Calculate the greatest common divisor of n and 40.
40
Suppose 5*a - 169 = -154. Let f(v) = -4*v. Let j be f(-6). What is the greatest common divisor of a and j?
3
Let q(i) = -i**3 + 19*i**2 - 85*i + 8. Let d be q(7). Calculate the greatest common divisor of d and 29.
1
Suppose 4*o - 1107 + 106 + 49 = 0. Calculate the greatest common factor of 646 and o.
34
Let f(h) = -h**3 + h**2 + 11*h + 19. Let t be f(-14). Calculate the greatest common divisor of 170 and t.
85
Suppose 0 = -t - 1, -7*s + 6*s + 6*t + 8 = 0. Calculate the highest common factor of s and 1093.
1
Let p(g) = -45*g**3 - 2*g**2 - g + 1. Suppose -47 = 10*f - 37. Let x be p(f). Calculate the highest common divisor of 45 and x.
45
Suppose 19*t = 1354 - 214. Let o = 249 - t. What is the greatest common factor of o and 42?
21
Suppose 2*i = 6*i - 4. Let x(b) = -b**3 - 11*b**2 - 22*b - 17. Let z be x(-9). Suppose -z - 3 = -11*t. Calculate the greatest common divisor of t and i.
1
Let u = -94 + 97. Let h be (2 + 38/(-6))/((-1)/u). Let b(l) = 16*l**2 + l - 1. Let o be b(2). What is the highest common factor of o and h?
13
Suppose -810*r + 795*r = -240. What is the highest common divisor of 488 and r?
8
Suppose -10*g = -89*g + 20856. What is the highest common divisor of g and 231?
33
Let d be 3 - (0 - 8)/(-2). Let v be (1 + -7)/((-9)/30). Let z = d + v. What is the greatest common factor of z and 38?
19
Let y = 0 + 0. Suppose y = 4*o - 83 + 3. Suppose 698 = 2*l + 3*l - 2*g, -4*l + 2*g + 558 = 0. What is the greatest common divisor of l and o?
20
Suppose -166 - 2918 = -12*q. What is the highest common divisor of 7453 and q?
257
Let p be 2348/6 + (255/17)/(-45). What is the highest common divisor of p and 68?
17
Let u(n) = -370*n**3 - 6*n**2 - 3*n - 2. Let m be u(-2). Suppose -m = -14*y - 6*y. Calculate the highest common factor of y and 21.
21
Let i be 4/((-26)/(-4) - 7). Let a(r) = 6*r**2 + 49*r + 12. Let n be a(i). Calculate the highest common factor of n and 436.
4
Suppose -16*i + 19*i - 6 = -f, f + 5*i = 0. Let x = f + -11. Let s(p) = 15*p**2 + 3*p - 2. Let u be s(2). What is the greatest common divisor of u and x?
4
Let d(q) = q**3 - 2*q**2 - 3*q + 3. Let n be d(3). Let u be (114/95)/(n/(-10)). Let a be -6*(-1)/2 + (-1492)/u. What is the greatest common factor of 47 and a?
47
Let d = -212 + 262. Let c be (34/(-68))/((-1)/d). Calculate the greatest common factor of c and 250.
25
Let y be (-2)/(-4) - (-105)/30. Suppose y*h - 19 + 7 = 0. Suppose -h*c - l + 6*l = -105, 2*l = 0. What is the greatest common factor of 5 and c?
5
Suppose 5*t = 2*r + 270 + 50, 2*r + 72 = t. Calculate the highest common divisor of t and 1178.
62
Let b be (-6)/(-7)*-2 - (-12)/(-42). Let o be ((b - 18) + 5)*(-4)/5. Calculate the greatest common divisor of o and 12.
12
Let t(v) = 2*v**3 + 39*v**2 - 11*v + 188. Let x be t(-20). What is the greatest common divisor of x and 2948?
4
Suppose -2*l = -4*v - 5594, 48*v - 2741 = -l + 43*v. What is the highest common factor of 2369 and l?
103
Suppose 3*g - 47 = -0*r - 2*r, 2*r - 67 = g. Calculate the highest common factor of r and 2.
1
Let f(g) = g**3 - 14*g**2 + 20*g - 72. Let y be f(13). Let i be (-357)/(-18) + (19/6)/y. What is the greatest common divisor of 30 and i?
10
Suppose r - 123 = -g, 14*g = 18*g + r - 507. What is the highest common divisor of g and 20?
4
Suppose 3*p - 49 = -4*w + 19, 153 = 9*w - 2*p. Calculate the highest common factor of w and 1428.
17
Suppose -78529*w = -78445*w - 21168. Let b be (-280)/(2*1/(-3)). Calculate the highest common factor of w and b.
84
Let j be ((-40)/16)/(2/4). Let n be 62/10 - j/(-25). Let f be (-2 + -1)/((-2)/n). Calculate the greatest common factor of 27 and f.
9
Suppose 1450 = 56*l - 2414. Let n = -1 + l. Suppose -4*o + 151 + 53 = 0. Calculate the highest common divisor of n and o.
17
Let w = 29 - -4. Suppose 255*b - 77973 - 281199 = -881*b + 229*b. Calculate the greatest common divisor of b and w.
33
Let f(k) = 2*k**3 + 8*k**2 + 3*k + 22. Let t be f(-4). Suppose 3*l - 42 = -3*o, 0 = 4*l + 3*o - 8*o - 20. What is the greatest common divisor of t and l?
10
Suppose -34 = -i + 2*s + 20, 3*i - 2*s = 150. Let b = -3086 - -3119. Let v = i - b. Calculate the greatest common factor of v and 75.
15
Let o = -6154 + 6176. Calculate the greatest common factor of 5632 and o.
22
Let u be -7 - (-1)/(-2)*19960/(-5). Calculate the greatest common divisor of u and 306.
153
Suppose -183 = -11*r + 235. Suppose 195 = -4*v + 55. Let u = r + v. What is the greatest common divisor of u and 6?
3
Suppose -33769 = -5*w - 3*m, -27012 = -4*w - 19*m + 15*m. Calculate the highest common divisor of w and 245.
35
Let c(t) = -t**3 - 2*t**2 + 4*t - 3. Let z be c(-3). Let j be 12*(z - (-204)/18). Calculate the highest common factor of j and 16.
16
Suppose -85*f + 80*f + 55470 = 3*o, 0 = -f + 6. Calculate the highest common divisor of 112 and o.
112
Suppose -3051 = 8*k - 17*k. Let o = 343 - k. Calculate the greatest common divisor of 188 and o.
4
Suppose 0 = -4*a - 5*g + 230, 3*a = 4*g - 8*g + 172. Calculate the greatest common divisor of a and 1030.
